{"id":962,"date":"2015-07-08T10:18:39","date_gmt":"2015-07-08T10:18:39","guid":{"rendered":"http:\/\/www.rmbs.es\/blog\/biblioteca-luis-cernuda\/?page_id=962"},"modified":"2022-06-28T09:58:18","modified_gmt":"2022-06-28T09:58:18","slug":"padres-e-hijos-aprendiendo-a-educar-aprendiendo-a-vivir","status":"publish","type":"page","link":"https:\/\/www.rmbs.es\/blog\/biblioteca-luis-cernuda\/?page_id=962","title":{"rendered":"L. Padres y Educadores"},"content":{"rendered":"<p><a href=\"http:\/\/www.rmbs.es\/blog\/biblioteca-luis-cernuda\/wp-content\/uploads\/2015\/07\/Centro-3.jpeg\"><img loading=\"lazy\" decoding=\"async\" class=\"alignright size-thumbnail wp-image-973\" src=\"http:\/\/www.rmbs.es\/blog\/biblioteca-luis-cernuda\/wp-content\/uploads\/2015\/07\/Centro-3-120x150.jpeg\" alt=\"Centro 3\" width=\"120\" height=\"150\"><\/a><a href=\"http:\/\/www.rmbs.es\/blog\/biblioteca-luis-cernuda\/wp-content\/uploads\/2015\/07\/Centro.jpeg\"><img loading=\"lazy\" decoding=\"async\" class=\"alignleft size-thumbnail wp-image-969\" src=\"http:\/\/www.rmbs.es\/blog\/biblioteca-luis-cernuda\/wp-content\/uploads\/2015\/07\/Centro-120x150.jpeg\" alt=\"Centro\" width=\"120\" height=\"150\"><\/a>Es \u00e9ste un centro de inter\u00e9s permanente destinado a los pap\u00e1s. Est\u00e1 situado en la zona infantil y se compone de libros que pueden ayudar a los padres en la educaci\u00f3n de sus hijos, a comunicarse con ellos, a comprenderlos mejor y, en definitiva, a guiarlos en esa ardua tarea que constituye para los ni\u00f1os y j\u00f3venes adaptarse a los continuos cambios&nbsp; en sus vidas. Por supuesto, se prestan.<\/p>\n","protected":false},"excerpt":{"rendered":"<p>Es \u00e9ste un centro de inter\u00e9s permanente destinado a los pap\u00e1s. Est\u00e1 situado en la zona infantil y se compone de libros que pueden ayudar a los padres en la educaci\u00f3n de sus hijos, a comunicarse con ellos, a comprenderlos mejor y, en definitiva, a guiarlos en esa ardua tarea que constituye para los ni\u00f1os&#8230;<\/p>\n","protected":false},"author":1,"featured_media":0,"parent":0,"menu_order":0,"comment_status":"open","ping_status":"open","template":"","meta":{"footnotes":""},"class_list":["post-962","page","type-page","status-publish","hentry"],"_links":{"self":[{"href":"https:\/\/www.rmbs.es\/blog\/biblioteca-luis-cernuda\/index.php?rest_route=\/wp\/v2\/pages\/962","targetHints":{"allow":["GET"]}}],"collection":[{"href":"https:\/\/www.rmbs.es\/blog\/biblioteca-luis-cernuda\/index.php?rest_route=\/wp\/v2\/pages"}],"about":[{"href":"https:\/\/www.rmbs.es\/blog\/biblioteca-luis-cernuda\/index.php?rest_route=\/wp\/v2\/types\/page"}],"author":[{"embeddable":true,"href":"https:\/\/www.rmbs.es\/blog\/biblioteca-luis-cernuda\/index.php?rest_route=\/wp\/v2\/users\/1"}],"replies":[{"embeddable":true,"href":"https:\/\/www.rmbs.es\/blog\/biblioteca-luis-cernuda\/index.php?rest_route=%2Fwp%2Fv2%2Fcomments&post=962"}],"version-history":[{"count":8,"href":"https:\/\/www.rmbs.es\/blog\/biblioteca-luis-cernuda\/index.php?rest_route=\/wp\/v2\/pages\/962\/revisions"}],"predecessor-version":[{"id":3942,"href":"https:\/\/www.rmbs.es\/blog\/biblioteca-luis-cernuda\/index.php?rest_route=\/wp\/v2\/pages\/962\/revisions\/3942"}],"wp:attachment":[{"href":"https:\/\/www.rmbs.es\/blog\/biblioteca-luis-cernuda\/index.php?rest_route=%2Fwp%2Fv2%2Fmedia&parent=962"}],"curies":[{"name":"wp","href":"https:\/\/api.w.org\/{rel}","templated":true}]}}