{"id":931,"date":"2015-07-07T09:04:06","date_gmt":"2015-07-07T09:04:06","guid":{"rendered":"http:\/\/www.rmbs.es\/blog\/biblioteca-luis-cernuda\/?page_id=931"},"modified":"2019-06-11T11:46:25","modified_gmt":"2019-06-11T11:46:25","slug":"usuarios-responsables-una-biblioteca-de-todos","status":"publish","type":"page","link":"https:\/\/www.rmbs.es\/blog\/biblioteca-luis-cernuda\/?page_id=931","title":{"rendered":"D. Usuarios responsables. Una biblioteca de todos"},"content":{"rendered":"\n<figure class=\"wp-block-image is-resized\"><img loading=\"lazy\" decoding=\"async\" src=\"http:\/\/www.rmbs.es\/blog\/biblioteca-luis-cernuda\/wp-content\/uploads\/2019\/06\/ni\u00f1os-bebiendo-agua-de-una-fuente-830x554.jpg\" alt=\"\" class=\"wp-image-2874\" width=\"262\" height=\"175\" srcset=\"https:\/\/www.rmbs.es\/blog\/biblioteca-luis-cernuda\/wp-content\/uploads\/2019\/06\/ni\u00f1os-bebiendo-agua-de-una-fuente-830x554.jpg 830w, https:\/\/www.rmbs.es\/blog\/biblioteca-luis-cernuda\/wp-content\/uploads\/2019\/06\/ni\u00f1os-bebiendo-agua-de-una-fuente-830x554-300x200.jpg 300w, https:\/\/www.rmbs.es\/blog\/biblioteca-luis-cernuda\/wp-content\/uploads\/2019\/06\/ni\u00f1os-bebiendo-agua-de-una-fuente-830x554-768x513.jpg 768w, https:\/\/www.rmbs.es\/blog\/biblioteca-luis-cernuda\/wp-content\/uploads\/2019\/06\/ni\u00f1os-bebiendo-agua-de-una-fuente-830x554-150x100.jpg 150w, https:\/\/www.rmbs.es\/blog\/biblioteca-luis-cernuda\/wp-content\/uploads\/2019\/06\/ni\u00f1os-bebiendo-agua-de-una-fuente-830x554-24x16.jpg 24w, https:\/\/www.rmbs.es\/blog\/biblioteca-luis-cernuda\/wp-content\/uploads\/2019\/06\/ni\u00f1os-bebiendo-agua-de-una-fuente-830x554-36x24.jpg 36w, https:\/\/www.rmbs.es\/blog\/biblioteca-luis-cernuda\/wp-content\/uploads\/2019\/06\/ni\u00f1os-bebiendo-agua-de-una-fuente-830x554-48x32.jpg 48w\" sizes=\"auto, (max-width: 262px) 100vw, 262px\" \/><\/figure>\n\n\n<h3><span style=\"color: #00ccff;\"><em>\u00abLo p\u00fablico es la fuente en la que hemos de beber todos, y que hay que mantener siempre limpia y con agua\u00bb.<\/em><\/span><\/h3>\n<p><img decoding=\"async\" class=\"rg_i\" src=\"https:\/\/encrypted-tbn2.gstatic.com\/images?q=tbn:ANd9GcQ-Cir717jMtaQStKMPFSK1fZBQ5eWC0INTT6vupRZ_F3kKpcGB\" alt=\"Resultado de imagen de fuente campo agua\" name=\"UH-GBGoK54ta-M:\" data-src=\"https:\/\/encrypted-tbn2.gstatic.com\/images?q=tbn:ANd9GcQ-Cir717jMtaQStKMPFSK1fZBQ5eWC0INTT6vupRZ_F3kKpcGB\" data-sz=\"f\" \/><\/p>\n<p>La biblioteca es un servicio p\u00fablico \u00abgratuito\u00bb (es decir, pagado con el dinero de los contribuyentes)\u00a0que trata de satisfacer el derecho a la cultura y la informaci\u00f3n que la Constituci\u00f3n nos reconoce a todos los ciudadanos. Como servicio p\u00fablico al que tenemos derecho, debemos exigir su existencia y\u00a0buen funcionamiento, pero tambi\u00e9n debemos responsabilizarnos del mismo\u00a0los ciudadanos en la parte que nos toca. Como sabemos, todo derecho conlleva tambi\u00e9n una responsabilidad y el cumplimiento de unas normas que se establecen precisamente para que <strong>todos<\/strong> podamos acceder a los servicios de\u00a0 una manera adecuada\u00a0y equitativa, dentro de lo posible.\u00a0Enumeramos algunas de las normas y responsabilidades que nosotros como ciudadanos debemos seguir en nuestro uso de la biblioteca :<\/p>\n<p>&#8211; Guardar silencio o hablar en tono bajo para no molestar a los dem\u00e1s usuarios, que trabajan, leen o estudian.<\/p>\n<p>&#8211; Desconectar o poner en silencio los m\u00f3viles y salir de la biblioteca a hablar por tel\u00e9fono.<\/p>\n<p>&#8211; Tratar con cuidado los materiales de la biblioteca (libros, audiovisuales&#8230;) para que duren el m\u00e1ximo tiempo posible y otros usuarios puedan disfrutarlos en las mejores condiciones.<\/p>\n<p>&#8211; No comer ni beber (excepto agua)\u00a0en la biblioteca para no ensuciar\u00a0 los materiales, el mobiliario y las instalaciones.<\/p>\n<p>&#8211;\u00a0Tratar con cuidado\u00a0el mobiliario y las instalaciones.<\/p>\n<p>&#8211; Todo aquello que las reglas de urbanidad y el sentido com\u00fan nos aconsejen.<\/p>\n<p>\u00a0<\/p>","protected":false},"excerpt":{"rendered":"<p>\u00abLo p\u00fablico es la fuente en la que hemos de beber todos, y que hay que mantener siempre limpia y con agua\u00bb. La biblioteca es un servicio p\u00fablico \u00abgratuito\u00bb (es decir, pagado con el dinero de los contribuyentes)\u00a0que trata de satisfacer el derecho a la cultura y la informaci\u00f3n que la Constituci\u00f3n nos reconoce a&#8230;<\/p>\n","protected":false},"author":1,"featured_media":0,"parent":0,"menu_order":0,"comment_status":"open","ping_status":"open","template":"","meta":{"footnotes":""},"class_list":["post-931","page","type-page","status-publish","hentry"],"_links":{"self":[{"href":"https:\/\/www.rmbs.es\/blog\/biblioteca-luis-cernuda\/index.php?rest_route=\/wp\/v2\/pages\/931","targetHints":{"allow":["GET"]}}],"collection":[{"href":"https:\/\/www.rmbs.es\/blog\/biblioteca-luis-cernuda\/index.php?rest_route=\/wp\/v2\/pages"}],"about":[{"href":"https:\/\/www.rmbs.es\/blog\/biblioteca-luis-cernuda\/index.php?rest_route=\/wp\/v2\/types\/page"}],"author":[{"embeddable":true,"href":"https:\/\/www.rmbs.es\/blog\/biblioteca-luis-cernuda\/index.php?rest_route=\/wp\/v2\/users\/1"}],"replies":[{"embeddable":true,"href":"https:\/\/www.rmbs.es\/blog\/biblioteca-luis-cernuda\/index.php?rest_route=%2Fwp%2Fv2%2Fcomments&post=931"}],"version-history":[{"count":13,"href":"https:\/\/www.rmbs.es\/blog\/biblioteca-luis-cernuda\/index.php?rest_route=\/wp\/v2\/pages\/931\/revisions"}],"predecessor-version":[{"id":2875,"href":"https:\/\/www.rmbs.es\/blog\/biblioteca-luis-cernuda\/index.php?rest_route=\/wp\/v2\/pages\/931\/revisions\/2875"}],"wp:attachment":[{"href":"https:\/\/www.rmbs.es\/blog\/biblioteca-luis-cernuda\/index.php?rest_route=%2Fwp%2Fv2%2Fmedia&parent=931"}],"curies":[{"name":"wp","href":"https:\/\/api.w.org\/{rel}","templated":true}]}}