{"id":7268,"date":"2021-10-25T18:19:13","date_gmt":"2021-10-25T18:19:13","guid":{"rendered":"http:\/\/www.rmbs.es\/blog\/biblioteca-torreblanca\/?page_id=7268"},"modified":"2025-03-26T19:31:56","modified_gmt":"2025-03-26T19:31:56","slug":"ilustra-y-te-cuento","status":"publish","type":"page","link":"http:\/\/www.rmbs.es\/blog\/biblioteca-torreblanca\/ilustra-y-te-cuento\/","title":{"rendered":"Ilustra y Te Cuento"},"content":{"rendered":"<p style=\"text-align: center;\"><strong><span style=\"text-decoration: underline;\"><span style=\"color: #ff6600; text-decoration: underline;\"><a href=\"http:\/\/www.rmbs.es\/blog\/biblioteca-torreblanca\/wp-content\/uploads\/2021\/03\/ilustra-y-te-cuento.jpg\"><img loading=\"lazy\" decoding=\"async\" class=\"aligncenter size-medium wp-image-6477\" src=\"http:\/\/www.rmbs.es\/blog\/biblioteca-torreblanca\/wp-content\/uploads\/2021\/03\/ilustra-y-te-cuento-300x200.jpg\" alt=\"ilustra y te cuento\" width=\"300\" height=\"200\" srcset=\"http:\/\/www.rmbs.es\/blog\/biblioteca-torreblanca\/wp-content\/uploads\/2021\/03\/ilustra-y-te-cuento-300x200.jpg 300w, http:\/\/www.rmbs.es\/blog\/biblioteca-torreblanca\/wp-content\/uploads\/2021\/03\/ilustra-y-te-cuento-150x100.jpg 150w, http:\/\/www.rmbs.es\/blog\/biblioteca-torreblanca\/wp-content\/uploads\/2021\/03\/ilustra-y-te-cuento-24x16.jpg 24w, http:\/\/www.rmbs.es\/blog\/biblioteca-torreblanca\/wp-content\/uploads\/2021\/03\/ilustra-y-te-cuento-36x24.jpg 36w, http:\/\/www.rmbs.es\/blog\/biblioteca-torreblanca\/wp-content\/uploads\/2021\/03\/ilustra-y-te-cuento-48x32.jpg 48w, http:\/\/www.rmbs.es\/blog\/biblioteca-torreblanca\/wp-content\/uploads\/2021\/03\/ilustra-y-te-cuento.jpg 640w\" sizes=\"auto, (max-width: 300px) 100vw, 300px\" \/><\/a><\/span><\/span><\/strong><\/p>\n<p style=\"text-align: center;\"><strong><span style=\"text-decoration: underline;\"><span style=\"color: #ff6600; text-decoration: underline;\">Ilustra y te Cuento<\/span><\/span><\/strong><\/p>\n<p>Actividad de fomento de la lectura, escritura y dibujo que durante los a\u00f1os 2020 y 2021, puso en valor la creatividad\u00a0 y originalidad de los m\u00e1s peque\u00f1os y peque\u00f1as que ilustraron historias apasionantes y convertidas en letras por nuestra amiga y escritora <strong>Lola Garc\u00eda de la Cuesta<\/strong>. Realizando un dibujo de tem\u00e1tica libre, Lola y la biblioteca lo convierte en un cuento. Las ilustraciones junto con sus cuentos est\u00e1n expuestas en la biblioteca, en el blog y en redes sociales.\u00a0<\/p>\n<div style=\"text-align: center;\">\n<div><strong style=\"font-size: revert; color: initial;\"><span style=\"color: #ff6600; text-decoration: underline;\">Cuentos Ilustrados de Ilustra y Te Cuento<\/span><\/strong><\/div>\n<\/div>\n<p>Todos los cuentos con ilustraciones realizadas por nuestros amigos y amigas del barrio y las historias de\u00a0<em>Lola Garc\u00eda de la Cuesta<\/em> para la primera edici\u00f3n de nuestra actividad Ilustra y Te Cuento en 2021.\u00a0Pod\u00e9is\u00a0descubrir todas las historias\u00a0en los siguientes enlaces.<\/p>\n<p style=\"text-align: left;\"><a href=\"https:\/\/www.calameo.com\/read\/0018874500fa6505b2c45\" target=\"_blank\" rel=\"noopener\">Saltarina<\/a>. Ilustrado por Coral Rodr\u00edguez Rojas de 5 a\u00f1os (2022, 2\u00aa edici\u00f3n)<\/p>\n<p><a href=\"https:\/\/www.calameo.com\/read\/001887450a8838e7f4259\" target=\"_blank\" rel=\"noopener\">Melibea e Irene<\/a>. Ilustrado por Melibea Berm\u00fadez Pe\u00f1a de 6 a\u00f1os (2022, 2\u00aa edici\u00f3n)<\/p>\n<p><a href=\"https:\/\/es.calameo.com\/read\/0018874504c8ce5065165?page=7\" target=\"_blank\" rel=\"noopener\">Alma en el Pa\u00eds de las Hadas<\/a>.\u00a0 Ilustrado por nuestra amiga Alma de 7 a\u00f1os (2021, 1\u00aa edici\u00f3n)<\/p>\n<p><a href=\"https:\/\/es.calameo.com\/read\/0067120654e3bd46ae7da?page=1\" target=\"_blank\" rel=\"noopener\">Patat\u00fas<\/a>. Ilustrado por nuestra amiga Mara de 7 a\u00f1os (2021, 1\u00aa edici\u00f3n)<\/p>\n<p><a href=\"https:\/\/es.calameo.com\/read\/001887450be4a9d836c9a?page=1\" target=\"_blank\" rel=\"noopener\">Las Acuarelas de Dayron<\/a>. Ilustrado por\u00a0nuestro amigo Dayron de 4 a\u00f1os (2021, 1\u00aa edici\u00f3n)<\/p>\n<p><a href=\"https:\/\/es.calameo.com\/read\/0018874505d63e91eff5f?page=1\" target=\"_blank\" rel=\"noopener\">La Granja de la Abuela Enriqueta<\/a>. Ilustrado por\u00a0nuestro amigo Nacho de 5 a\u00f1os (2021, 1\u00aa edici\u00f3n)<\/p>\n<p><a href=\"https:\/\/es.calameo.com\/read\/001887450396213c8b436?page=1\" target=\"_blank\" rel=\"noopener\">Lautano el Rey Avaro<\/a>. Ilustrado por\u00a0nuestro amigo Abraham de 7 a\u00f1os (2021, 1\u00aa edici\u00f3n)<\/p>\n<p><a href=\"https:\/\/es.calameo.com\/read\/001887450933329afdaa8?page=3\" target=\"_blank\" rel=\"noopener\">El Planeta Durumpiki<\/a>. Ilustrado por\u00a0nuestra amiga Ainhoa de 9 a\u00f1os (2021, 1\u00aa edici\u00f3n)<\/p>\n<p><a href=\"https:\/\/es.calameo.com\/read\/001887450e8768981e27f?page=1\" target=\"_blank\" rel=\"noopener\">La Casa de Coral<\/a>. Ilustrado por\u00a0nuestra amiga\u00a0Coral de 5 a\u00f1os (2021, 1\u00aa edici\u00f3n)<\/p>\n<p><a href=\"https:\/\/es.calameo.com\/read\/0018874507c5a53bb1e5c?page=1\" target=\"_blank\" rel=\"noopener\">Marta y el Gatocornio<\/a>. Ilustrado por\u00a0nuestra amiga\u00a0Marta de 7 a\u00f1os (2021, 1\u00aa edici\u00f3n)<\/p>\n<p><a href=\"https:\/\/es.calameo.com\/read\/0018874505ba82850dba9?page=1\" target=\"_blank\" rel=\"noopener\">Mi Mundo en Pandemia<\/a>. Ilustrado por\u00a0nuestra amiga\u00a0 Triana de 16 a\u00f1os (2021, 1\u00aa edici\u00f3n)<\/p>\n<p><a href=\"https:\/\/es.calameo.com\/read\/0018874505b1f56273d89?page=1\" target=\"_blank\" rel=\"noopener\">Mis Superh\u00e9roes<\/a>. Ilustrado por\u00a0 nuestras amiga Melibea de 5 a\u00f1os (2021, 1\u00aa edici\u00f3n)<\/p>\n<p><a href=\"https:\/\/es.calameo.com\/read\/001887450dfc41bb9d4ec?page=1\" target=\"_blank\" rel=\"noopener\">El P\u00e1is de los Conejos<\/a>. Ilustrado por nuestra amiga \u00c1ngela de 7 a\u00f1os (2021, 1\u00aa edici\u00f3n)<\/p>\n<p><a href=\"https:\/\/es.calameo.com\/read\/001887450c01e1ad2deae?page=1\" target=\"_blank\" rel=\"noopener\">\u00bfD\u00f3nde van las Cig\u00fce\u00f1as?<\/a> Ilustrado por los Alumnos de Educaci\u00f3n Infantil del C.E.I.P. Pr\u00edncipe de Asturias 2021-22 (Sevilla) (2021, 1\u00aa edici\u00f3n)<\/p>\n<p><a href=\"https:\/\/es.calameo.com\/read\/0018874508b1625915a8e?page=1\" target=\"_blank\" rel=\"noopener\">El Deseo de Roc\u00edo<\/a> Ilustrado por nuestra amiga Roc\u00edo de 7 a\u00f1os (2021, 1\u00aa edici\u00f3n)<\/p>\n<p><a href=\"https:\/\/es.calameo.com\/read\/0018874508eb3a12ab4ac?page=6\" target=\"_blank\" rel=\"noopener\">La Tierra<\/a> Ilustrado por los Alumnos de 6\u00ba curso de Educaci\u00f3n Primaria del C.E.I.P Tierno Galv\u00e1n 2021-22 (Sevilla) (2021, 1\u00aa edici\u00f3n)<\/p>\n\n\n\n","protected":false},"excerpt":{"rendered":"<p>Ilustra y te Cuento Actividad de fomento de la lectura, escritura y dibujo que durante los a\u00f1os 2020 y 2021, puso en valor la creatividad\u00a0 y originalidad de los m\u00e1s peque\u00f1os y peque\u00f1as que ilustraron historias apasionantes y convertidas en letras por nuestra amiga y escritora Lola Garc\u00eda de la Cuesta. Realizando un dibujo de&#8230;<\/p>\n","protected":false},"author":1,"featured_media":0,"parent":0,"menu_order":0,"comment_status":"closed","ping_status":"closed","template":"","meta":{"footnotes":""},"class_list":["post-7268","page","type-page","status-publish","hentry"],"_links":{"self":[{"href":"http:\/\/www.rmbs.es\/blog\/biblioteca-torreblanca\/wp-json\/wp\/v2\/pages\/7268","targetHints":{"allow":["GET"]}}],"collection":[{"href":"http:\/\/www.rmbs.es\/blog\/biblioteca-torreblanca\/wp-json\/wp\/v2\/pages"}],"about":[{"href":"http:\/\/www.rmbs.es\/blog\/biblioteca-torreblanca\/wp-json\/wp\/v2\/types\/page"}],"author":[{"embeddable":true,"href":"http:\/\/www.rmbs.es\/blog\/biblioteca-torreblanca\/wp-json\/wp\/v2\/users\/1"}],"replies":[{"embeddable":true,"href":"http:\/\/www.rmbs.es\/blog\/biblioteca-torreblanca\/wp-json\/wp\/v2\/comments?post=7268"}],"version-history":[{"count":18,"href":"http:\/\/www.rmbs.es\/blog\/biblioteca-torreblanca\/wp-json\/wp\/v2\/pages\/7268\/revisions"}],"predecessor-version":[{"id":9050,"href":"http:\/\/www.rmbs.es\/blog\/biblioteca-torreblanca\/wp-json\/wp\/v2\/pages\/7268\/revisions\/9050"}],"wp:attachment":[{"href":"http:\/\/www.rmbs.es\/blog\/biblioteca-torreblanca\/wp-json\/wp\/v2\/media?parent=7268"}],"curies":[{"name":"wp","href":"https:\/\/api.w.org\/{rel}","templated":true}]}}