{"id":5262,"date":"2018-08-03T11:32:22","date_gmt":"2018-08-03T11:32:22","guid":{"rendered":"http:\/\/www.rmbs.es\/blog\/biblioteca-torreblanca\/?page_id=5262"},"modified":"2026-01-27T19:50:40","modified_gmt":"2026-01-27T19:50:40","slug":"horarios","status":"publish","type":"page","link":"http:\/\/www.rmbs.es\/blog\/biblioteca-torreblanca\/horarios\/","title":{"rendered":"Horarios"},"content":{"rendered":"\n<hr class=\"wp-block-separator has-alpha-channel-opacity\"\/>\n\n\n<address><strong style=\"color: initial;\"><strong>Horario:<\/strong><\/strong><\/address>\n<p><!--more--><\/p>\n<address>\u00a0<\/address>\n<address><strong>De Lunes a Viernes de 9:30 a 14:30 h. y de 16:00 a 21:00 h<\/strong><\/address>\n<address>\u00a0<\/address>\n<address>\n<address>\u00a0<\/address>\n<address>Los d\u00edas que se desarrollan <a href=\"http:\/\/www.rmbs.es\/blog\/biblioteca-torreblanca\/actividades-culturales\/\" target=\"_blank\" rel=\"noopener\">actividades culturales<\/a> de ma\u00f1ana y\/o de tarde en la biblioteca, el horario estar\u00e1 sujeto a cambios. En el desarrollo de actividades infantiles, la biblioteca ofrecer\u00e1 algunos de sus servicios, los que le permita la actividad (pr\u00e9stamos zona de adultos, materias, devoluciones, informaci\u00f3n)<\/address>\n<address>\u00a0<\/address>\n<\/address>\n<address>\u00a0<\/address>\n<address>\u00a0<\/address>\n<address><span style=\"color: #000000;\"><strong>Horario Semana Santa:<\/strong><\/span><\/address>\n<address>\u00a0<\/address>\n<address>De 10 a 13 h. (de lunes a mi\u00e9rcoles) jueves y viernes cerrado.<\/address>\n<address>\u00a0<\/address>\n<address><span style=\"color: #000000;\"><strong>Horario Feria:<\/strong><\/span><\/address>\n<address>\u00a0<\/address>\n<address>De 10 a 13 h (lunes, martes y jueves) mi\u00e9rcoles y viernes cerrado.<\/address>\n<address>\u00a0<\/address>\n<address>\n<address><strong>Horario Verano:<\/strong><\/address>\n<address>\u00a0<\/address>\n<address>Lunes a Viernes de 9:00 a 14:00 h (del 21 de junio al 15 de septiembre)<\/address>\n<\/address>\n<address>\u00a0<\/address>\n<address><strong>Horario Navidad:<\/strong><\/address>\n<address>\u00a0<\/address>\n<address>De 9 a 14 h. (24, 25, 31 de diciembre y 1 y 6 de enero cerrado)<span style=\"color: #0000ff;\">\u00a0<\/span><\/address>","protected":false},"excerpt":{"rendered":"<p>Horario:<\/p>\n","protected":false},"author":1,"featured_media":0,"parent":0,"menu_order":0,"comment_status":"closed","ping_status":"closed","template":"","meta":{"footnotes":""},"class_list":["post-5262","page","type-page","status-publish","hentry"],"_links":{"self":[{"href":"http:\/\/www.rmbs.es\/blog\/biblioteca-torreblanca\/wp-json\/wp\/v2\/pages\/5262","targetHints":{"allow":["GET"]}}],"collection":[{"href":"http:\/\/www.rmbs.es\/blog\/biblioteca-torreblanca\/wp-json\/wp\/v2\/pages"}],"about":[{"href":"http:\/\/www.rmbs.es\/blog\/biblioteca-torreblanca\/wp-json\/wp\/v2\/types\/page"}],"author":[{"embeddable":true,"href":"http:\/\/www.rmbs.es\/blog\/biblioteca-torreblanca\/wp-json\/wp\/v2\/users\/1"}],"replies":[{"embeddable":true,"href":"http:\/\/www.rmbs.es\/blog\/biblioteca-torreblanca\/wp-json\/wp\/v2\/comments?post=5262"}],"version-history":[{"count":80,"href":"http:\/\/www.rmbs.es\/blog\/biblioteca-torreblanca\/wp-json\/wp\/v2\/pages\/5262\/revisions"}],"predecessor-version":[{"id":9589,"href":"http:\/\/www.rmbs.es\/blog\/biblioteca-torreblanca\/wp-json\/wp\/v2\/pages\/5262\/revisions\/9589"}],"wp:attachment":[{"href":"http:\/\/www.rmbs.es\/blog\/biblioteca-torreblanca\/wp-json\/wp\/v2\/media?parent=5262"}],"curies":[{"name":"wp","href":"https:\/\/api.w.org\/{rel}","templated":true}]}}